{"id":315,"date":"2023-04-02T00:32:33","date_gmt":"2023-04-01T21:32:33","guid":{"rendered":"https:\/\/crystalyachting.com.tr\/?page_id=315"},"modified":"2023-04-12T09:24:45","modified_gmt":"2023-04-12T06:24:45","slug":"mezuniyet","status":"publish","type":"page","link":"https:\/\/crystalyachting.com.tr\/index.php\/mezuniyet\/","title":{"rendered":"Mezuniyet"},"content":{"rendered":"\n<div class=\"row\"  id=\"row-1342376211\">\n\n\n\t<div id=\"col-899602711\" class=\"col small-12 large-12\"  >\n\t\t\t\t<div class=\"col-inner\"  >\n\t\t\t\n\t\t\t\n\n\t<div id=\"gap-147810903\" class=\"gap-element clearfix\" style=\"display:block; height:auto;\">\n\t\t\n<style>\n#gap-147810903 {\n  padding-top: 7px;\n}\n<\/style>\n\t<\/div>\n\t\n\n<p><img decoding=\"async\" class=\" wp-image-966 alignleft\" src=\"https:\/\/crystalyachting.com.tr\/wp-content\/uploads\/2023\/04\/Adsiz-tasarim-2023-04-12T092247.211-1024x1024.png\" alt=\"\" width=\"451\" height=\"451\" srcset=\"https:\/\/crystalyachting.com.tr\/wp-content\/uploads\/2023\/04\/Adsiz-tasarim-2023-04-12T092247.211-1024x1024.png 1024w, https:\/\/crystalyachting.com.tr\/wp-content\/uploads\/2023\/04\/Adsiz-tasarim-2023-04-12T092247.211-300x300.png 300w, https:\/\/crystalyachting.com.tr\/wp-content\/uploads\/2023\/04\/Adsiz-tasarim-2023-04-12T092247.211-150x150.png 150w, https:\/\/crystalyachting.com.tr\/wp-content\/uploads\/2023\/04\/Adsiz-tasarim-2023-04-12T092247.211-768x768.png 768w, https:\/\/crystalyachting.com.tr\/wp-content\/uploads\/2023\/04\/Adsiz-tasarim-2023-04-12T092247.211-600x600.png 600w, https:\/\/crystalyachting.com.tr\/wp-content\/uploads\/2023\/04\/Adsiz-tasarim-2023-04-12T092247.211-100x100.png 100w, https:\/\/crystalyachting.com.tr\/wp-content\/uploads\/2023\/04\/Adsiz-tasarim-2023-04-12T092247.211.png 1080w\" sizes=\"(max-width: 451px) 100vw, 451px\" \/>MEZUN\u0130YET<br \/>Uzun y\u0131llar emek verdikten sonra mezun oluyorsunuz! Bu, tabi ki hayat\u0131n\u0131zda \u00f6zenle kutlaman\u0131z gereken anlardan biri..<\/p>\n<p>Unutulmaz an\u0131lar ya\u015fad\u0131\u011f\u0131n\u0131z s\u0131ra arkada\u015flar\u0131n\u0131zla birlikte, unutulmaz bir teknede ve yine unutulmaz bir mezuniyet kutlamas\u0131 sizi bekliyor.<\/p>\n<p>Arkada\u015flar\u0131n\u0131zla birlikte denize a\u00e7\u0131ld\u0131\u011f\u0131n\u0131zda, g\u00fcn sizin i\u00e7in bir ba\u015fka akmaya ba\u015flayacak. Mezuniyetinizin ard\u0131ndan a\u00e7\u0131laca\u011f\u0131n\u0131z deryada belki zaman ile ba\u011flar\u0131n\u0131z\u0131n kopaca\u011f\u0131 arkada\u015flar\u0131n\u0131z olacak. Y\u0131llar sonra kar\u015f\u0131la\u015ft\u0131\u011f\u0131n\u0131zda teknede mezuniyet kutlaman\u0131z\u0131 yad\u2019etmek istemez misiniz? Bu vizyonunuzu ger\u00e7ekle\u015ftirmek i\u00e7in size bir ad\u0131m mesafedeyiz.<\/p>\n<p>Organizasyonunuzu sizin hayalinize, b\u00fct\u00e7enize, kat\u0131l\u0131mc\u0131 say\u0131n\u0131za ve tercihlerinize g\u00f6re planlayabilmemiz ve bu yeni ba\u015flang\u0131\u00e7ta dilek fenerinizi yakabilmemiz i\u00e7in bizimle ileti\u015fime ge\u00e7in, en k\u0131sa s\u00fcrede sizi arayal\u0131m..<\/p>\n<p>\u00a0<\/p>\n<div class=\"row\"  id=\"row-1662749717\">\n\n\n\t<div id=\"col-1588590865\" class=\"col medium-6 small-12 large-6\"  >\n\t\t\t\t<div class=\"col-inner\"  >\n\t\t\t\n\t\t\t\n\n\n\t\t<\/div>\n\t\t\t\t\t<\/div>\n\n\t\n\n\t<div id=\"col-386303690\" class=\"col medium-6 small-12 large-6\"  >\n\t\t\t\t<div class=\"col-inner\"  >\n\t\t\t\n\t\t\t\n\n<a href=\"https:\/\/crystalyachting.com.tr\/index.php\/tekneler\/\" target=\"_self\" class=\"button primary\"  >\n    <span>TEKNELER<\/span>\n  <\/a>\n\n\n<a href=\"https:\/\/crystalyachting.com.tr\/index.php\/iletisim\/\" target=\"_self\" class=\"button primary\"  >\n    <span>\u0130LET\u0130\u015e\u0130M FORMU<\/span>\n  <\/a>\n\n\n\n\t\t<\/div>\n\t\t\t\t\t<\/div>\n\n\t\n\n<\/div>\n\n\t\t<\/div>\n\t\t\t\t\t<\/div>\n\n\t\n\n<\/div>\n\n","protected":false},"excerpt":{"rendered":"","protected":false},"author":1,"featured_media":0,"parent":0,"menu_order":0,"comment_status":"closed","ping_status":"closed","template":"","meta":{"footnotes":""},"class_list":["post-315","page","type-page","status-publish","hentry"],"_links":{"self":[{"href":"https:\/\/crystalyachting.com.tr\/index.php\/wp-json\/wp\/v2\/pages\/315","targetHints":{"allow":["GET"]}}],"collection":[{"href":"https:\/\/crystalyachting.com.tr\/index.php\/wp-json\/wp\/v2\/pages"}],"about":[{"href":"https:\/\/crystalyachting.com.tr\/index.php\/wp-json\/wp\/v2\/types\/page"}],"author":[{"embeddable":true,"href":"https:\/\/crystalyachting.com.tr\/index.php\/wp-json\/wp\/v2\/users\/1"}],"replies":[{"embeddable":true,"href":"https:\/\/crystalyachting.com.tr\/index.php\/wp-json\/wp\/v2\/comments?post=315"}],"version-history":[{"count":7,"href":"https:\/\/crystalyachting.com.tr\/index.php\/wp-json\/wp\/v2\/pages\/315\/revisions"}],"predecessor-version":[{"id":969,"href":"https:\/\/crystalyachting.com.tr\/index.php\/wp-json\/wp\/v2\/pages\/315\/revisions\/969"}],"wp:attachment":[{"href":"https:\/\/crystalyachting.com.tr\/index.php\/wp-json\/wp\/v2\/media?parent=315"}],"curies":[{"name":"wp","href":"https:\/\/api.w.org\/{rel}","templated":true}]}}