{"id":715,"date":"2023-04-04T23:08:03","date_gmt":"2023-04-04T20:08:03","guid":{"rendered":"https:\/\/crystalyachting.com.tr\/?page_id=715"},"modified":"2023-04-12T09:19:02","modified_gmt":"2023-04-12T06:19:02","slug":"evlilik-teklifi","status":"publish","type":"page","link":"https:\/\/crystalyachting.com.tr\/index.php\/evlilik-teklifi\/","title":{"rendered":"Evlilik Teklifi"},"content":{"rendered":"\n<div class=\"row\"  id=\"row-1859006123\">\n\n\n\t<div id=\"col-786223169\" class=\"col small-12 large-12\"  >\n\t\t\t\t<div class=\"col-inner\"  >\n\t\t\t\n\t\t\t\n\n\t<div id=\"gap-1644535496\" class=\"gap-element clearfix\" style=\"display:block; height:auto;\">\n\t\t\n<style>\n#gap-1644535496 {\n  padding-top: 8px;\n}\n<\/style>\n\t<\/div>\n\t\n\n<div class=\"row\"  id=\"row-668569058\">\n\n\n\t<div id=\"col-709278692\" class=\"col medium-6 small-12 large-6\"  >\n\t\t\t\t<div class=\"col-inner\"  >\n\t\t\t\n\t\t\t\n\n\t<div class=\"img has-hover x md-x lg-x y md-y lg-y\" id=\"image_825425474\">\n\t\t\t\t\t\t\t\t<div class=\"img-inner dark\" >\n\t\t\t<img decoding=\"async\" width=\"1080\" height=\"1080\" src=\"https:\/\/crystalyachting.com.tr\/wp-content\/uploads\/2023\/04\/Adsiz-tasarim-2023-04-12T091540.689.png\" class=\"attachment-original size-original\" alt=\"\" srcset=\"https:\/\/crystalyachting.com.tr\/wp-content\/uploads\/2023\/04\/Adsiz-tasarim-2023-04-12T091540.689.png 1080w, https:\/\/crystalyachting.com.tr\/wp-content\/uploads\/2023\/04\/Adsiz-tasarim-2023-04-12T091540.689-300x300.png 300w, https:\/\/crystalyachting.com.tr\/wp-content\/uploads\/2023\/04\/Adsiz-tasarim-2023-04-12T091540.689-1024x1024.png 1024w, https:\/\/crystalyachting.com.tr\/wp-content\/uploads\/2023\/04\/Adsiz-tasarim-2023-04-12T091540.689-150x150.png 150w, https:\/\/crystalyachting.com.tr\/wp-content\/uploads\/2023\/04\/Adsiz-tasarim-2023-04-12T091540.689-768x768.png 768w, https:\/\/crystalyachting.com.tr\/wp-content\/uploads\/2023\/04\/Adsiz-tasarim-2023-04-12T091540.689-600x600.png 600w, https:\/\/crystalyachting.com.tr\/wp-content\/uploads\/2023\/04\/Adsiz-tasarim-2023-04-12T091540.689-100x100.png 100w\" sizes=\"(max-width: 1080px) 100vw, 1080px\" \/>\t\t\t\t\t\t\n\t\t\t\t\t<\/div>\n\t\t\t\t\t\t\t\t\n<style>\n#image_825425474 {\n  width: 100%;\n}\n<\/style>\n\t<\/div>\n\t\n\n\n\t\t<\/div>\n\t\t\t\t\t<\/div>\n\n\t\n\n\t<div id=\"col-1961790073\" class=\"col medium-6 small-12 large-6\"  >\n\t\t\t\t<div class=\"col-inner\"  >\n\t\t\t\n\t\t\t\n\n<p>BO\u011eAZ\u2019DA YATTA EVL\u0130L\u0130K TEKL\u0130F\u0130<br \/>\u0130stanbul Bo\u011faz\u0131\u2019nda sevdi\u011finize evlenme teklifi s\u00fcrprizi yapmak istiyorsan\u0131z do\u011fru adrestesiniz. G\u00f6rselli\u011fe y\u00f6nelik bu teklif organizasyonu esnas\u0131nda sizin \u015fark\u0131n\u0131z\u0131 \u00e7alabilir, video sunumu ile bu \u00f6zel an\u2019\u0131 daha da \u00f6zel k\u0131labilir, arzu ederseniz yat\u0131 sizin ve m\u00fcstakbel e\u015finizin zevkinize g\u00f6re s\u00fcsleyebilirsiniz. Yatta evlilik teklifi organizasyonu ile hayat\u0131n\u0131z boyunca unutamayaca\u011f\u0131n\u0131z m\u00fckemmel bir an\u0131 biriktirin!<\/p>\n<p>Sevdi\u011finiz ki\u015finin ayaklar\u0131n\u0131 yerden kesecek yatta evlilik teklifi organizasyonu fiyatlar\u0131, se\u00e7ilecek yat\u0131n modeline, yat \u00fczerinde ge\u00e7irilecek s\u00fcreye, canl\u0131 m\u00fczik, keman ve solistler, yemek alternatifleri, havai fi\u015fek g\u00f6sterisi, profesyonel foto\u011fraf \u00e7ekimleri gibi tercihlere ve beklentilere g\u00f6re \u00e7ok de\u011fi\u015fken bir skalada de\u011fi\u015fkenlik g\u00f6sterebilmekle beraber, sevdi\u011finizin haf\u0131zas\u0131nda \u00f6m\u00fcr boyu kalacak bir organizasyonu b\u00fct\u00e7enizi zorlamayan ekonomik alternatiflerle ger\u00e7ekle\u015ftirmeyi de tercih edebilirsiniz.<\/p>\n<p>Tercihleriniz do\u011frultusunda detayl\u0131 bilgi almak i\u00e7in bizimle ileti\u015fime ge\u00e7in, en k\u0131sa s\u00fcrede sizi arayal\u0131m.<\/p>\n<p>\u00a0<\/p>\n<a href=\"https:\/\/crystalyachting.com.tr\/index.php\/tekneler\/\" target=\"_self\" class=\"button primary\"  >\n    <span>TEKNELER<\/span>\n  <\/a>\n\n\n<a href=\"https:\/\/crystalyachting.com.tr\/index.php\/iletisim\/\" target=\"_self\" class=\"button primary\"  >\n    <span>\u0130LET\u0130\u015e\u0130M FORMU<\/span>\n  <\/a>\n\n\n\n\t\t<\/div>\n\t\t\t\t\t<\/div>\n\n\t\n\n<\/div>\n\n\t\t<\/div>\n\t\t\t\t\t<\/div>\n\n\t\n\n<\/div>\n\n","protected":false},"excerpt":{"rendered":"","protected":false},"author":1,"featured_media":0,"parent":0,"menu_order":0,"comment_status":"closed","ping_status":"closed","template":"","meta":{"footnotes":""},"class_list":["post-715","page","type-page","status-publish","hentry"],"_links":{"self":[{"href":"https:\/\/crystalyachting.com.tr\/index.php\/wp-json\/wp\/v2\/pages\/715","targetHints":{"allow":["GET"]}}],"collection":[{"href":"https:\/\/crystalyachting.com.tr\/index.php\/wp-json\/wp\/v2\/pages"}],"about":[{"href":"https:\/\/crystalyachting.com.tr\/index.php\/wp-json\/wp\/v2\/types\/page"}],"author":[{"embeddable":true,"href":"https:\/\/crystalyachting.com.tr\/index.php\/wp-json\/wp\/v2\/users\/1"}],"replies":[{"embeddable":true,"href":"https:\/\/crystalyachting.com.tr\/index.php\/wp-json\/wp\/v2\/comments?post=715"}],"version-history":[{"count":7,"href":"https:\/\/crystalyachting.com.tr\/index.php\/wp-json\/wp\/v2\/pages\/715\/revisions"}],"predecessor-version":[{"id":962,"href":"https:\/\/crystalyachting.com.tr\/index.php\/wp-json\/wp\/v2\/pages\/715\/revisions\/962"}],"wp:attachment":[{"href":"https:\/\/crystalyachting.com.tr\/index.php\/wp-json\/wp\/v2\/media?parent=715"}],"curies":[{"name":"wp","href":"https:\/\/api.w.org\/{rel}","templated":true}]}}